+ 23*j**2 - 64*j + 88. Give g(-14).
4
Let j(u) = -1459*u - 5. Give j(0).
-5
Let r(t) = 314*t - 969. Give r(3).
-27
Let b(r) = -r**3 + 62*r**2 + r - 66. Give b(62).
-4
Let q(p) = -70*p + 291. Determine q(4).
11
Let h(r) = -r**3 - 73*r**2 + 752*r + 1150. Calculate h(-82).
2
Let x(l) = 3*l**2 - 40*l + 121. Determine x(4).
9
Let f(n) = -459*n + 4147. Give f(9).
16
Let f(r) = -2*r**3 - 33*r**2 - 3*r + 38. Determine f(-16).
-170
Let n(p) = 2*p**2 - 56*p - 34. What is n(28)?
-34
Let m(f) = 4*f - 344. Determine m(83).
-12
Let y(c) = -6684*c + 53468. Give y(8).
-4
Let l(x) = 6*x**2 - 193*x + 60. Determine l(32).
28
Let c(d) = -97*d + 1206. Calculate c(13).
-55
Let m(y) = y**2 - 595*y + 1781. Determine m(3).
5
Let u(w) = 12*w**2 + 1. Determine u(-1).
13
Let q(d) = -100*d - 703. Determine q(-7).
-3
Let v(f) = -210*f - 6922. What is v(-33)?
8
Let a(l) = 2*l**3 + 19*l**2 + 32*l + 50. Determine a(-8).
-14
Let r(j) = -2532*j - 17645. Determine r(-7).
79
Let y(o) = 3*o**2 - 59*o + 132. What is y(17)?
-4
Let a(x) = 6*x**2 + 62*x - 50. What is a(-15)?
370
Let i(d) = 946*d + 15175. Calculate i(-16).
39
Let a(c) = c**3 - 3*c**2 + 2*c - 58. Determine a(0).
-58
Let p(h) = -207*h - 7. What is p(0)?
-7
Let h(x) = -x**3 - 74*x**2 + 190*x - 3156. What is h(-77)?
1
Let x(s) = 1058*s - 12699. Give x(12).
-3
Let a(v) = -23*v**2 + 169*v - 147. What is a(6)?
39
Let g(i) = 7*i**3 + 20*i + 73. Calculate g(-4).
-455
Let z(q) = -q**2 + 23*q + 244. Give z(31).
-4
Let d(m) = -m**3 - m**2 + 117*m - 26. Determine d(-12).
154
Let n(r) = -4*r**2 - 10*r + 136. Give n(8).
-200
Let k(d) = -6*d**2 + 551*d + 1662. Determine k(-3).
-45
Let y(u) = 2*u**3 - 97*u**2 + 52*u - 168. Calculate y(48).
24
Let h(o) = -2*o**2 - 194*o + 1913. Give h(-106).
5
Let n(r) = -3329*r - 69905. What is n(-21)?
4
Let s(t) = -187*t - 4034. Calculate s(-24).
454
Let r(m) = m**3 + 75*m**2 + 142*m - 221. What is r(-73)?
71
Let k(c) = -20*c - 510. Determine k(-25).
-10
Let k(o) = o**3 - 21*o**2 + 21*o - 121. Calculate k(20).
-101
Let x(j) = -2*j**2 - 48*j + 414. Give x(-31).
-20
Let s(w) = 4*w**3 + 34*w**2 + 30*w + 420. What is s(-9)?
-12
Let b(w) = -7*w**2 + 43*w + 40. Determine b(-1).
-10
Let q(u) = -2922*u - 20460. Determine q(-7).
-6
Let n(s) = s**3 - 233*s - 19. Give n(0).
-19
Let n(v) = -v**2 - 78*v + 422. Calculate n(5).
7
Let z(v) = -43*v + 74. Give z(4).
-98
Let v(g) = -22*g + 192. Give v(5).
82
Let m(d) = -d**3 - 162*d**2 - 1090*d - 32. Give m(-7).
3
Let y(p) = p**2 + 146*p + 4076. Determine y(-39).
-97
Let t(m) = -3*m**2 + 317*m + 8129. Give t(127).
1
Let a(t) = -2*t**2 - 32*t + 42. Give a(-19).
-72
Let i(f) = -2*f**2 - 6*f + 19. Calculate i(2).
-1
Let m(i) = 3*i**2 - 1001*i + 5. Calculate m(0).
5
Let d(k) = -8*k + 29. Determine d(-9).
101
Let s(d) = 237*d - 1655. What is s(7)?
4
Let u(n) = n**2 + 6*n - 268. Give u(-23).
123
Let k(p) = 3*p + 269. Give k(-87).
8
Let d(a) = -317*a + 2398. Determine d(8).
-138
Let d(p) = -98*p - 109. Determine d(-1).
-11
Let f(l) = -52*l + 720. Give f(14).
-8
Let k(c) = -c**3 + c**2 + 13*c - 43. Give k(-7).
258
Let r(c) = -322*c + 3916. Give r(12).
52
Let x(n) = -33*n + 96. What is x(4)?
-36
Let j(r) = 2*r**3 - r**2 + 60*r - 124. Determine j(2).
8
Let g(o) = o**2 + 33*o + 150. Determine g(-26).
-32
Let x(s) = 94*s - 8829. Determine x(94).
7
Let j(s) = 7*s**3 - 45*s**2 + 2*s - 87. Give j(7).
123
Let u(k) = k**2 + 27*k - 128. Give u(4).
-4
Let b(y) = 46*y**3 + 12*y**2 - 2*y + 1. Give b(-3).
-1127
Let w(n) = -n**2 - 15*n - 58. Calculate w(-10).
-8
Let v(m) = -4*m**2 - 21*m - 31. Determine v(-6).
-49
Let g(j) = j**3 + 29*j**2 + 907. Calculate g(-30).
7
Let z(m) = -4*m**3 + 42*m**2 + 12*m + 58. What is z(11)?
-52
Let k(g) = -42*g**2 - 1034*g + 406. What is k(-25)?
6
Let q(m) = 23*m**3 + 4*m**2 + 2*m - 5. What is q(2)?
199
Let t(d) = -22*d + 199. Calculate t(10).
-21
Let p(o) = -o**2 - 825*o - 4100. Determine p(-5).
0
Let o(p) = 5587*p - 27934. Determine o(5).
1
Let f(q) = -q**3 - 30*q**2 + 27*q - 110. Give f(-31).
14
Let u(f) = -159*f + 5098. Determine u(32).
10
Let f(c) = 28*c**2 + 299*c - 62. Give f(-11).
37
Let i(g) = -g**3 - 104*g**2 - 102*g + 111. Determine i(-103).
8
Let c(i) = i**3 - 19*i**2 + 69*i - 300. Determine c(16).
36
Let c(g) = -5*g**3 - 4*g**2 - 88*g - 168. Calculate c(-2).
32
Let o(v) = v**3 + 2*v**2 - 14*v + 3. What is o(2)?
-9
Let r(j) = -42*j - 1149. Give r(-29).
69
Let x(r) = 2*r**2 + 132*r + 2124. Give x(-28).
-4
Let z(d) = -d**2 + 115*d + 2638. Determine z(-20).
-62
Let w(j) = 73*j - 109. Determine w(6).
329
Let o(h) = -26*h + 73. Calculate o(3).
-5
Let g(i) = -i**3 + 46*i + 119. Determine g(-4).
-1
Let b(i) = -3234*i - 29114. Give b(-9).
-8
Let r(j) = 2*j**2 + 20*j - 37. Determine r(-8).
-69
Let n(u) = 21*u + 1234. Calculate n(-63).
-89
Let d(n) = -7*n**3 - 4*n - 68. Calculate d(0).
-68
Let l(j) = -j**3 - 14*j**2 - 7*j + 15. Determine l(-10).
-315
Let d(c) = -c**2 - 298*c - 2036. Calculate d(-7).
1
Let p(d) = 2*d**2 - 195*d - 66. Determine p(99).
231
Let v(d) = -415*d + 3804. Calculate v(9).
69
Let j(c) = -19*c + 215. Calculate j(-10).
405
Let t(v) = v**3 + 20*v**2 + 12. Calculate t(-20).
12
Let g(r) = 2*r**2 - 54*r + 286. Give g(7).
6
Let w(u) = -4*u**2 - 36*u - 26. Determine w(-8).
6
Let d(j) = 11*j + 603. What is d(-52)?
31
Let s(x) = 2*x**3 + 6*x**2 + 16*x + 36. What is s(-5)?
-144
Let o(h) = -2*h**2 + 12*h - 5. Calculate o(-10).
-325
Let f(i) = -1102*i + 33047. What is f(30)?
-13
Let v(a) = -50*a**2 + 3*a + 4. Determine v(-2).
-202
Let u(z) = 43*z + 5655. What is u(-132)?
-21
Let k(s) = 2*s**2 - 36*s + 7. What is k(18)?
7
Let y(u) = u**3 - 19*u**2 - 292*u + 48. What is y(29)?
-10
Let z(l) = -2*l + 52. Calculate z(16).
20
Let z(j) = j**3 + 90*j**2 + 262*j + 84. Determine z(-87).
-3
Let f(p) = -p**3 + 20*p**2 - 89*p + 29. Calculate f(6).
-1
Let z(k) = 2*k**2 + 207*k - 6877. Calculate z(-130).
13
Let j(p) = 435*p + 870. Determine j(-2).
0
Let y(o) = -o**3 + 39*o**2 - 380*o - 32. Calculate y(17).
-134
Let h(y) = y**3 - 20*y**2 - 105*y - 5. Calculate h(-6).
-311
Let n(c) = -c**3 - 49*c**2 + 100*c - 143. Give n(-51).
-41
Let b(x) = x**3 - 10*x**2 + 24*x - 26. Calculate b(7).
-5
Let v(y) = -3*y + 29. What is v(10)?
-1
Let s(u) = -256*u + 1542. Calculate s(6).
6
Let j(o) = o**3 + 23*o**2 - 66*o - 394. Give j(-25).
6
Let w(s) = 2*s**2 - 25*s - 16. Determine w(10).
-66
Let k(m) = -8*m - 21. What is k(2)?
-37
Let n(o) = o**2 - 139*o - 11433. Give n(-58).
-7
Let h(s) = -2*s**2 + 109*s + 336. What is h(60)?
-324
Let n(t) = -2*t**2 + 152*t - 1340. Determine n(9).
-134
Let l(k) = -107*k + 8134. Give l(76).
2
Let k(f) = -1175*f + 32898. Determine k(28).
-2
Let d(j) = -10*j**2 - 73*j - 35. Determine d(-6).
43
Let y(q) = -85*q - 5504. Give y(-63).
-149
Let c(g) = -19*g**2 - 74*g - 14. What is c(-3)?
37
Let d(t) = t**3 + 2*t**2 - 114*t - 536. Calculate d(-5).
-41
Let h(x) = x**3 + 17*x**2 + 31*x + 520. Determine h(-17).
-7
Let o(m) = 154*m + 1433. What is o(-9)?
47
Let j(f) = -33*f + 36. What is j(-12)?
432
Let r(v) = 10*v - 48. What is r(-13)?
-178
Let c(q) = -6*q**3 - q**2 + 14*q + 12. What is c(-4)?
324
Let g(q) = 7*q**3 - 412*q**2 - 64*q + 289. What is g(59)?
-6
Let w(i) = -i**2 + 62*i - 156. Determine w(59).
21
Let x(r) = -r**3 + 18*r**2 - 75*r + 456. Calculate x(15).
6
Let l(q) = 3*q**2 - 735*q + 4312. Calculate l(6).
10
Let m(p) = -p**2 + 4*p - 12. Give m(13).
-129
Let p(l) = l**3 + 45*l**2 - 82*l + 539. What is p(-47)?
-25
Let f(v) = -v**3 + 27*v**2 + 5218*v + 166. Give f(87).
-8
Let w(m) = -8605*m - 301169. Give w(-35).
6
Let i(n) = -n**2 - 32*n + 89. What is i(-27)?
224
Let m(i) = 24*i + 52. Give m(-5).
-68
Let s(h) = -h**3 + 9*h**2 + 72*h + 5. Determine s(-5).
-5
Let d(h) = -h**3 - 6*h**2 + 5*h - 59. What is d(-8)?
29
Let n(u) = -13*u**2 - 67*u + 35. Determine n(-6).
-31
Let k(m) = 697*m + 3403. Calculate k(-5).
-82
Let g(d) = 277*d + 131. Give g(-1).
-146
Let y(t) = 9*t - 203. Calculate y(-11).
-302
Let f(v) = -v**2 + 60*v - 109. What is f(57)?
62
Let m(z) = z**3 + 4*z**2 - 6*z. What is m(0)?
0
Let t(m) = -1130*m + 2260. Give t(2).
0
Let c(j) = -j**2 - 285*j - 2479. Determine c(-9).
5
Let x(i) = 13*i**2 + 535*i + 80. Calculate x(-41).
-2
Let w(o) = -2*o**3 + 18*o**2 - 30*o + 86. What is w(8)?
-26
Let l(h) = 8*h**3 + 2*h**2 - h - 8. Give l(-2).
-62
Let q